{"id":24363,"date":"2015-06-26T11:33:18","date_gmt":"2015-06-26T09:33:18","guid":{"rendered":"https:\/\/undsgn.com\/uncode\/?page_id=24363"},"modified":"2024-09-25T19:27:38","modified_gmt":"2024-09-25T16:27:38","slug":"privacy-policy-2","status":"publish","type":"page","link":"https:\/\/www.trixproduction.com\/index.php\/shops\/privacy-policy-2\/","title":{"rendered":"Privacy Policy"},"content":{"rendered":"<div class=\"wpb-content-wrapper\"><p>[vc_row row_height_percent=&#8221;0&#8243; override_padding=&#8221;yes&#8221; h_padding=&#8221;2&#8243; top_padding=&#8221;4&#8243; bottom_padding=&#8221;0&#8243; overlay_alpha=&#8221;50&#8243; gutter_size=&#8221;3&#8243; shift_y=&#8221;0&#8243;][vc_column column_width_percent=&#8221;100&#8243; align_horizontal=&#8221;align_center&#8221; gutter_size=&#8221;3&#8243; overlay_alpha=&#8221;50&#8243; shift_x=&#8221;0&#8243; shift_y=&#8221;0&#8243; z_index=&#8221;0&#8243; medium_width=&#8221;0&#8243;][vc_custom_heading heading_semantic=&#8221;h1&#8243; text_font=&#8221;font-762333&#8243; text_size=&#8221;fontsize-155944&#8243; text_weight=&#8221;700&#8243; text_space=&#8221;fontspace-111509&#8243; uncode_shortcode_id=&#8221;191385&#8243;]Slapuk\u0173 Politika[\/vc_custom_heading][\/vc_column][\/vc_row][vc_row row_height_percent=&#8221;0&#8243; override_padding=&#8221;yes&#8221; h_padding=&#8221;2&#8243; top_padding=&#8221;2&#8243; bottom_padding=&#8221;4&#8243; overlay_alpha=&#8221;50&#8243; gutter_size=&#8221;3&#8243; shift_y=&#8221;0&#8243;][vc_column column_width_percent=&#8221;100&#8243; gutter_size=&#8221;3&#8243; overlay_alpha=&#8221;50&#8243; shift_x=&#8221;0&#8243; shift_y=&#8221;0&#8243; z_index=&#8221;0&#8243; medium_width=&#8221;0&#8243;][vc_column_text uncode_shortcode_id=&#8221;116080&#8243;]<\/p>\n<style>\n    a.cky-banner-element { padding: 8px 30px; background: #F8F9FA; color: #858A8F; border: 1px solid #DEE2E6; box-sizing: border-box; border-radius: 2px; cursor: pointer; }<br \/>    h1.privacy-policy-h1, h2.privacy-policy-h2, h5 {<br \/>        font-size: 24px; \/* Main heading size *\/<br \/>        font-weight: 700;<br \/>    }<br \/>    p.privacy-policy-p, div.cookie-policy-p, ul.privacy-policy-ol {<br \/>        font-size: 16px; \/* Paragraph text size *\/<br \/>        text-align: left; \/* Ensure paragraphs are left-aligned *\/<br \/>    }<br \/><\/style>\n<p>\u012esigaliojimo data: 2024 m. rugs\u0117jo 25 d.<br \/>\nPaskutin\u012f kart\u0105 atnaujinta: 2024 m. rugs\u0117jo 25 d.<\/p>\n<h5>Kas yra slapukai?<\/h5>\n<div class=\"cookie-policy-p\">\n<p>\u0160i slapuk\u0173 politika paai\u0161kina, kas yra slapukai ir kaip mes juos naudojame, kokius slapuk\u0173 tipus naudojame, t. y., koki\u0105 informacij\u0105 renkame naudodami slapukus ir kaip ta informacija yra naudojama, bei kaip valdyti slapuk\u0173 nustatymus.<\/p>\n<p>Slapukai yra ma\u017ei tekstiniai failai, naudojami nedidelei informacijai saugoti. Jie saugomi j\u016bs\u0173 \u012frenginyje, kai svetain\u0117 \u012fkeliama \u012f j\u016bs\u0173 nar\u0161ykl\u0119. \u0160ie slapukai padeda mums tinkamai veikti svetainei, padaryti j\u0105 saugesn\u0119, suteikti geresn\u0119 vartotojo patirt\u012f, suprasti, kaip svetain\u0117 veikia, ir analizuoti, kas veikia, o kur reikia tobulinti.<\/p>\n<\/div>\n<h5>Kaip mes naudojame slapukus?<\/h5>\n<div class=\"cookie-policy-p\">\n<p>Kaip ir dauguma internetini\u0173 paslaug\u0173, m\u016bs\u0173 svetain\u0117 naudoja pirmosios ir tre\u010diosios \u0161alies slapukus d\u0117l keli\u0173 prie\u017eas\u010di\u0173. Pirmosios \u0161alies slapukai yra b\u016btini, kad svetain\u0117 tinkamai veikt\u0173 ir nerenka jokios asmeni\u0161kai atpa\u017e\u012fstamos informacijos.<\/p>\n<p>Tre\u010di\u0173j\u0173 \u0161ali\u0173 slapukai, naudojami m\u016bs\u0173 svetain\u0117je, yra skirti suprasti, kaip svetain\u0117 veikia, kaip j\u016bs s\u0105veikaujate su m\u016bs\u0173 svetaine, u\u017etikrinti m\u016bs\u0173 paslaug\u0173 saugum\u0105, teikti jums aktualius skelbimus ir apskritai suteikti jums geresn\u0119 ir patobulint\u0105 vartotojo patirt\u012f bei pagreitinti j\u016bs\u0173 b\u016bsimas s\u0105veikas su m\u016bs\u0173 svetaine.<\/p>\n<\/div>\n<h5>Slapuk\u0173 tipai, kuriuos naudojame<\/h5>\n<div class=\"cky-audit-table-element\"><\/div>\n<h5>Tvarkyti slapuk\u0173 parinktis<\/h5>\n<p><a class=\"cky-banner-element\">Slapuk\u0173 nustatymai<\/a><\/p>\n<div>\n<p>Galite bet kada pakeisti slapuk\u0173 parinktis, paspausdami auk\u0161\u010diau esant\u012f mygtuk\u0105. Tai leis jums dar kart\u0105 per\u017ei\u016br\u0117ti slapuk\u0173 sutikimo juost\u0105 ir pakeisti savo parinktis arba i\u0161 karto at\u0161aukti savo sutikim\u0105.<\/p>\n<p>Be to, skirtingos nar\u0161ykl\u0117s pateikia skirtingus slapuk\u0173 blokavimo ir i\u0161trynimo b\u016bdus. Galite pakeisti savo nar\u0161ykl\u0117s nustatymus, kad blokuotum\u0117te arba i\u0161trintum\u0117te slapukus. \u017demiau pateiktos nuorodos \u012f palaikymo dokumentus apie tai, kaip tvarkyti ir i\u0161trinti slapukus pagrindin\u0117se \u017einiatinklio nar\u0161ykl\u0117se.<\/p>\n<ul>\n<li>Chrome: <a href=\"https:\/\/support.google.com\/accounts\/answer\/32050\" target=\"_blank\" rel=\"noopener\">https:\/\/support.google.com\/accounts\/answer\/32050<\/a><\/li>\n<li>Safari: <a href=\"https:\/\/support.apple.com\/en-in\/guide\/safari\/sfri11471\/mac\" target=\"_blank\" rel=\"noopener\">https:\/\/support.apple.com\/en-in\/guide\/safari\/sfri11471\/mac<\/a><\/li>\n<li>Firefox: <a href=\"https:\/\/support.mozilla.org\/en-US\/kb\/clear-cookies-and-site-data-firefox\" target=\"_blank\" rel=\"noopener\">https:\/\/support.mozilla.org\/en-US\/kb\/clear-cookies-and-site-data-firefox<\/a><\/li>\n<li>Internet Explorer: <a href=\"https:\/\/support.microsoft.com\/en-us\/topic\/how-to-delete-cookie-files-in-internet-explorer\" target=\"_blank\" rel=\"noopener\">https:\/\/support.microsoft.com\/en-us\/topic\/how-to-delete-cookie-files-in-internet-explorer<\/a><\/li>\n<\/ul>\n<p>Jei naudojate kit\u0105 \u017einiatinklio nar\u0161ykl\u0119, apsilankykite oficialiuose savo nar\u0161ykl\u0117s palaikymo dokumentuose.<\/p>\n<\/div>\n<p class=\"cookie-policy-p\">Slapuk\u0173 politika sukurta naudojant <a href=\"https:\/\/www.cookieyes.com\" target=\"_blank\" rel=\"noopener\">CookieYes<\/a>.<\/p>\n<p>[\/vc_column_text][\/vc_column][\/vc_row]<\/p>\n<p><!-- Translated and centered Privacy Policy part --><\/p>\n<p>[vc_row row_height_percent=&#8221;0&#8243; override_padding=&#8221;yes&#8221; h_padding=&#8221;2&#8243; top_padding=&#8221;4&#8243; bottom_padding=&#8221;4&#8243; overlay_alpha=&#8221;50&#8243; gutter_size=&#8221;3&#8243; shift_y=&#8221;0&#8243;][vc_column column_width_percent=&#8221;100&#8243; align_horizontal=&#8221;align_center&#8221; gutter_size=&#8221;3&#8243; overlay_alpha=&#8221;50&#8243; shift_x=&#8221;0&#8243; shift_y=&#8221;0&#8243; z_index=&#8221;0&#8243; medium_width=&#8221;0&#8243;][vc_column_text]<br \/>\n[vc_custom_heading heading_semantic=&#8221;h1&#8243; text_font=&#8221;font-762333&#8243; text_size=&#8221;fontsize-155944&#8243; text_weight=&#8221;700&#8243; text_space=&#8221;fontspace-111509&#8243; text_align=&#8221;center&#8221; uncode_shortcode_id=&#8221;191385&#8243;]Privatumo politika[\/vc_custom_heading]<\/p>\n<p>&nbsp;<\/p>\n<p>&nbsp;<\/p>\n<p><!-- Left-aligned content starts here --><\/p>\n<p class=\"privacy-policy-p\" style=\"text-align: left;\">Paskutin\u012f kart\u0105 atnaujinta: 2024 m. rugs\u0117jo 25 d.<br \/>\n\u012esigaliojimo data: 2024 m. rugs\u0117jo 25 d.<\/p>\n<p class=\"privacy-policy-p\" style=\"text-align: left;\">\u0160i Privatumo politika apra\u0161o Medij\u0173 triukai, I\u012e, Ber\u017e\u0173 g. 5, Babrung\u0117n\u0173 k., Plung\u0117s r., LT-90110, Lietuva, el. pa\u0161tas: info@trixproduction.com, tel.: +37065367456 informacijos rinkimo, naudojimo ir atskleidimo politik\u0105, kai naudojat\u0117s m\u016bs\u0173 svetaine (https:\/\/www.trixproduction.com) (toliau \u2013 \u201ePaslauga\u201c). Prisijungdami arba naudodamiesi Paslauga, sutinkate, kad j\u016bs\u0173 informacija bus renkama, naudojama ir atskleid\u017eiama pagal \u0161i\u0105 Privatumo politik\u0105. Jei nesutinkate su \u0161iuo sutikimu, pra\u0161ome nesinaudoti Paslauga.<\/p>\n<p class=\"privacy-policy-p\" style=\"text-align: left;\">Mes galime keisti \u0161i\u0105 Privatumo politik\u0105 bet kuriuo metu be i\u0161ankstinio prane\u0161imo ir paskelbsime pakeist\u0105 Privatumo politik\u0105 Paslaugoje. Pakeista politika \u012fsigalios pra\u0117jus 180 dien\u0173 nuo jos paskelbimo Paslaugoje, o tolesnis j\u016bs\u0173 naudojimasis Paslauga po tokio laikotarpio reik\u0161 j\u016bs\u0173 sutikim\u0105 su pakeista Privatumo politika. Tod\u0117l rekomenduojame periodi\u0161kai per\u017ei\u016br\u0117ti \u0161\u012f puslap\u012f.<\/p>\n<h5 class=\"privacy-policy-h2\" style=\"text-align: left;\">Kaip mes naudojame j\u016bs\u0173 informacij\u0105:<\/h5>\n<p class=\"privacy-policy-p\" style=\"text-align: left;\">Mes naudosime j\u016bs\u0173 pateikt\u0105 informacij\u0105 \u0161iais tikslais:<\/p>\n<ul class=\"privacy-policy-ol\" style=\"text-align: left;\">\n<li>Rinkodara\/Promocijos<\/li>\n<li>Taikytin\u0117 reklama<\/li>\n<li>Svetain\u0117s apsauga<\/li>\n<\/ul>\n<p class=\"privacy-policy-p\" style=\"text-align: left;\">Jei nor\u0117sime j\u016bs\u0173 informacij\u0105 naudoti kitais tikslais, pra\u0161ysime j\u016bs\u0173 sutikimo ir naudosime j\u016bs\u0173 informacij\u0105 tik gav\u0119 j\u016bs\u0173 sutikim\u0105, tik nurodytiems tikslams, i\u0161skyrus atvejus, kai to reikalauja \u012fstatymai.<\/p>\n<h5 class=\"privacy-policy-h2\" style=\"text-align: left;\">Kaip mes dalinam\u0117s j\u016bs\u0173 informacija:<\/h5>\n<p class=\"privacy-policy-p\" style=\"text-align: left;\">Mes neperduosime j\u016bs\u0173 asmenin\u0117s informacijos tre\u010diosioms \u0161alims be j\u016bs\u0173 sutikimo, i\u0161skyrus ribotus atvejus:<\/p>\n<ul class=\"privacy-policy-ol\" style=\"text-align: left;\">\n<li>Reklamos paslaugos<\/li>\n<li>Analiz\u0117s<\/li>\n<li>Duomen\u0173 rinkimas ir apdorojimas<\/li>\n<\/ul>\n<p class=\"privacy-policy-p\" style=\"text-align: left;\">Mes reikalaujame, kad tre\u010diosios \u0161alys naudot\u0173 j\u016bs\u0173 informacij\u0105 tik tam tikslui, kuriam ji buvo perduota, ir nelaikyt\u0173 jos ilgiau, nei b\u016btina tam tikslui pasiekti.<\/p>\n<h5 class=\"privacy-policy-h2\" style=\"text-align: left;\">J\u016bs\u0173 teis\u0117s:<\/h5>\n<p class=\"privacy-policy-p\" style=\"text-align: left;\">Priklausomai nuo taikomos teis\u0117s, j\u016bs galite tur\u0117ti teis\u0119 prieiti prie savo asmens duomen\u0173, juos taisyti ar i\u0161trinti, gauti j\u0173 kopij\u0105, apriboti ar prie\u0161tarauti aktyviam j\u0173 tvarkymui. Nor\u0117dami pasinaudoti \u0161iomis teis\u0117mis, galite para\u0161yti mums el. pa\u0161tu info@trixproduction.com. Atsakysime \u012f j\u016bs\u0173 pra\u0161ym\u0105 pagal taikomus teis\u0117s aktus.<\/p>\n<h5 class=\"privacy-policy-h2\" style=\"text-align: left;\">Slapukai ir kita:<\/h5>\n<p class=\"privacy-policy-p\" style=\"text-align: left;\">Nor\u0117dami daugiau su\u017einoti apie tai, kaip naudojame slapukus ir kitus steb\u0117jimo metodus, per\u017ei\u016br\u0117kite m\u016bs\u0173 <a href=\"https:\/\/www.trixproduction.com\/index.php\/shops\/privacy-policy-2\/\">Slapuk\u0173 politik\u0105<\/a>.<\/p>\n<h5 class=\"privacy-policy-h2\" style=\"text-align: left;\">Saugumas:<\/h5>\n<p class=\"privacy-policy-p\" style=\"text-align: left;\">Mes siekiame u\u017etikrinti j\u016bs\u0173 informacijos saugum\u0105, ta\u010diau negalime garantuoti absoliu\u010dios apsaugos. J\u016bs\u0173 informacijos perdavimas yra j\u016bs\u0173 pa\u010di\u0173 rizika.<\/p>\n<h5 class=\"privacy-policy-h2\" style=\"text-align: left;\">Skund\u0173 \/ Duomen\u0173 apsaugos pareig\u016bnas:<\/h5>\n<p class=\"privacy-policy-p\" style=\"text-align: left;\">Jei turite klausim\u0173 d\u0117l informacijos tvarkymo, susisiekite su m\u016bs\u0173 duomen\u0173 apsaugos pareig\u016bnu el. pa\u0161tu info@trixproduction.com.<\/p>\n<p class=\"privacy-policy-p\" style=\"text-align: left;\">Privatumo politika sugeneruota naudojant <a href=\"https:\/\/www.cookieyes.com\" target=\"_blank\" rel=\"noopener\">CookieYes<\/a>.<\/p>\n<p>[\/vc_column_text][\/vc_column][\/vc_row]<\/p>\n<\/div>","protected":false},"excerpt":{"rendered":"<p>[vc_row row_height_percent=&#8221;0&#8243; override_padding=&#8221;yes&#8221; h_padding=&#8221;2&#8243; top_padding=&#8221;4&#8243; bottom_padding=&#8221;0&#8243; overlay_alpha=&#8221;50&#8243; gutter_size=&#8221;3&#8243; shift_y=&#8221;0&#8243;][vc_column column_width_percent=&#8221;100&#8243; align_horizontal=&#8221;align_center&#8221; gutter_size=&#8221;3&#8243; overlay_alpha=&#8221;50&#8243; shift_x=&#8221;0&#8243; shift_y=&#8221;0&#8243; z_index=&#8221;0&#8243; medium_width=&#8221;0&#8243;][vc_custom_heading heading_semantic=&#8221;h1&#8243; text_font=&#8221;font-762333&#8243; text_size=&#8221;fontsize-155944&#8243; [&hellip;]<\/p>\n","protected":false},"author":1,"featured_media":0,"parent":36612,"menu_order":0,"comment_status":"open","ping_status":"closed","template":"","meta":{"footnotes":""},"class_list":["post-24363","page","type-page","status-publish","hentry"],"_links":{"self":[{"href":"https:\/\/www.trixproduction.com\/index.php\/wp-json\/wp\/v2\/pages\/24363","targetHints":{"allow":["GET"]}}],"collection":[{"href":"https:\/\/www.trixproduction.com\/index.php\/wp-json\/wp\/v2\/pages"}],"about":[{"href":"https:\/\/www.trixproduction.com\/index.php\/wp-json\/wp\/v2\/types\/page"}],"author":[{"embeddable":true,"href":"https:\/\/www.trixproduction.com\/index.php\/wp-json\/wp\/v2\/users\/1"}],"replies":[{"embeddable":true,"href":"https:\/\/www.trixproduction.com\/index.php\/wp-json\/wp\/v2\/comments?post=24363"}],"version-history":[{"count":6,"href":"https:\/\/www.trixproduction.com\/index.php\/wp-json\/wp\/v2\/pages\/24363\/revisions"}],"predecessor-version":[{"id":84007,"href":"https:\/\/www.trixproduction.com\/index.php\/wp-json\/wp\/v2\/pages\/24363\/revisions\/84007"}],"up":[{"embeddable":true,"href":"https:\/\/www.trixproduction.com\/index.php\/wp-json\/wp\/v2\/pages\/36612"}],"wp:attachment":[{"href":"https:\/\/www.trixproduction.com\/index.php\/wp-json\/wp\/v2\/media?parent=24363"}],"curies":[{"name":"wp","href":"https:\/\/api.w.org\/{rel}","templated":true}]}}